9
Calculate the remainder when 895409 is divided by 421.
363
Calculate the remainder when 2665198 is divided by 1200.
1198
Calculate the remainder when 23831 is divided by 3921.
305
What is the remainder when 55780726 is divided by 41?
21
Calculate the remainder when 1083910 is divided by 216773.
45
Calculate the remainder when 10740212 is divided by 5134.
5018
Calculate the remainder when 17121328 is divided by 385.
378
Calculate the remainder when 5974579 is divided by 288.
19
Calculate the remainder when 8845589 is divided by 37.
36
What is the remainder when 4133944 is divided by 3011?
2852
What is the remainder when 37401 is divided by 17107?
3187
What is the remainder when 31927 is divided by 633?
277
What is the remainder when 154477 is divided by 254?
45
What is the remainder when 48841 is divided by 309?
19
What is the remainder when 8345 is divided by 1463?
1030
Calculate the remainder when 286423 is divided by 3598.
2181
What is the remainder when 108016 is divided by 107776?
240
Calculate the remainder when 29556085 is divided by 21.
13
Calculate the remainder when 1375190 is divided by 229191.
44
What is the remainder when 176593664 is divided by 44148411?
20
Calculate the remainder when 8455506 is divided by 2463.
27
What is the remainder when 27701 is divided by 2272?
437
Calculate the remainder when 2151578 is divided by 74192.
10
What is the remainder when 44312866 is divided by 111?
1
What is the remainder when 80914 is divided by 4555?
3479
Calculate the remainder when 26872 is divided by 26700.
172
Calculate the remainder when 63960 is divided by 10375.
1710
What is the remainder when 72638964 is divided by 18159728?
52
Calculate the remainder when 50851935 is divided by 5085186.
75
Calculate the remainder when 15766 is divided by 2715.
2191
What is the remainder when 1073195 is divided by 178849?
101
What is the remainder when 7081638 is divided by 19?
15
What is the remainder when 249273 is divided by 46?
45
What is the remainder when 1282528 is divided by 250?
28
What is the remainder when 21419323 is divided by 518?
23
What is the remainder when 2130746 is divided by 426126?
116
What is the remainder when 70741 is divided by 65302?
5439
Calculate the remainder when 122852 is divided by 29998.
2860
What is the remainder when 337955 is divided by 112608?
131
Calculate the remainder when 4713834 is divided by 43245.
129
What is the remainder when 8263521 is divided by 3568?
33
Calculate the remainder when 144667 is divided by 48162.
181
What is the remainder when 4127517 is divided by 7080?
6957
What is the remainder when 121701 is divided by 59804?
2093
Calculate the remainder when 66276 is divided by 174.
156
What is the remainder when 7871915 is divided by 36?
11
What is the remainder when 4328265 is divided by 1082058?
33
Calculate the remainder when 28651 is divided by 1242.
85
Calculate the remainder when 657143 is divided by 1399.
1012
Calculate the remainder when 29645 is divided by 7391.
81
What is the remainder when 460825 is divided by 1652?
1569
Calculate the remainder when 6039930 is divided by 392.
386
Calculate the remainder when 2283728 is divided by 95143.
296
Calculate the remainder when 22488992 is divided by 4080.
32
What is the remainder when 1773659 is divided by 32?
27
Calculate the remainder when 211801 is divided by 3414.
133
What is the remainder when 1782073 is divided by 34?
31
Calculate the remainder when 1137131 is divided by 4196.
15
Calculate the remainder when 11421072 is divided by 3169.
3165
What is the remainder when 45162486 is divided by 376?
374
Calculate the remainder when 710249 is divided by 711.
671
Calculate the remainder when 420126 is divided by 3442.
202
What is the remainder when 272258 is divided by 136095?
68
What is the remainder when 15978376 is divided by 91?
50
Calculate the remainder when 1110146 is divided by 6033.
74
What is the remainder when 41209263 is divided by 2908?
2903
What is the remainder when 2070100 is divided by 108?
64
Calculate the remainder when 10846 is divided by 1235.
966
Calculate the remainder when 17987 is divided by 5823.
518
Calculate the remainder when 1132520 is divided by 283127.
12
Calculate the remainder when 1591911 is divided by 339.
306
What is the remainder when 7863606 is divided by 200?
6
Calculate the remainder when 56027449 is divided by 3501715.
9
What is the remainder when 22631286 is divided by 51?
36
Calculate the remainder when 1271291 is divided by 635.
21
What is the remainder when 22712320 is divided by 523?
522
Calculate the remainder when 27733392 is divided by 194.
122
Calculate the remainder when 2009241 is divided by 6318.
117
What is the remainder when 4892126 is divided by 67?
54
Calculate the remainder when 583140 is divided by 97181.
54
What is the remainder when 325201 is divided by 1466?
1215
What is the remainder when 5046569 is divided by 2523261?
47
Calculate the remainder when 182091324 is divided by 3202.
3190
What is the remainder when 3428342 is divided by 68?
54
What is the remainder when 15369655 is divided by 640402?
7
Calculate the remainder when 3784206 is divided by 12614.
6
What is the remainder when 3162824 is divided by 516?
260
Calculate the remainder when 15766968 is divided by 3873.
3858
What is the remainder when 22140155 is divided by 30?
5
What is the remainder when 398374 is divided by 32?
6
What is the remainder when 54264040 is divided by 723?
721
Calculate the remainder when 1482361 is divided by 12561.
163
What is the remainder when 15492502 is divided by 143449?
10
What is the remainder when 521983 is divided by 7676?
15
Calculate the remainder when 1977735 is divided by 4207.
445
What is the remainder when 330185 is divided by 61?
53
What is the remainder when 37425227 is divided by 5748?
5747
Calculate the remainder when 2653987 is divided by 212.
171
What is the remainder when 11046 is divided by 5310?
426
What is the remainder when 80805122 is divided by 16983?
8
Calculate the remainder when 18215000 is divided by 64822.
18
What is the remainder when 435196 is divided by 72516?
100
Calculate the remainder when 390985 is divided by 54.
25
Calculate the remainder when 162278 is divided by 93.
86
What is the remainder when 621666 is divided by 2580?
2466
What is the remainder when 1975414 is divided by 1975410?
4
Calculate the remainder when 4995 is divided by 814.
111
Calculate the remainder when 16248574 is divided by 393.
382
Calculate the remainder when 169594 is divided by 170.
104
Calculate the remainder when 56536 is divided by 10865.
2211
Calculate the remainder when 187966446 is divided by 1130.
1116
Calculate the remainder when 39859090 is divided by 63.
61
Calculate the remainder when 141686 is divided by 35207.
858
Calculate the remainder when 20775083 is divided by 65.
43
Calculate the remainder when 229243 is divided by 47.
24
Calculate the remainder when 145611 is divided by 10369.
445
What is the remainder when 212623631 is divided by 2028?
2027
What is the remainder when 362947 is divided by 45?
22
Calculate the remainder when 1209058 is divided by 443.
111
What is the remainder when 15827006 is divided by 238?
6
What is the remainder when 64076 is divided by 1794?
1286
What is the remainder when 2158948 is divided by 2383?
2333
What is the remainder when 1962632 is divided by 1162?
14
What is the remainder when 380989 is divided by 10297?
0
What is the remainder when 23431503 is divided by 147?
144
What is the remainder when 4004898 is divided by 8880?
18
Calculate the remainder when 469864 is divided by 234620.
624
Calculate the remainder when 4216627 is divided by 675.
577
What is the remainder when 856544 is divided by 7927?
428
What is the remainder when 11314001 is divided by 19884?
5
What is the remainder when 59104 is divided by 562?
94
What is the remainder when 216638 is divided by 216482?
156
What is the remainder when 100197244 is divided by 23?
21
What is the remainder when 548984 is divided by 733?
700
What is the remainder when 463913 is divided by 859?
53
Calculate the remainder when 19456037 is divided by 1806.
1805
Calculate the remainder when 991412 is divided by 11528.
4
What is the remainder when 41351157 is divided by 7?
1
What is the remai